 number?
True
Let c = -42 - -45. Suppose 0 = -f + 4*j + 5, -4*j - 1 - 14 = -c*f. Suppose -l = 4*q - 129, 0 = l - 2*l + f*q + 174. Is l a composite number?
False
Suppose -78 = -u + 48. Is u/24*(-172)/(-3) prime?
False
Let b = 114910 - 30017. Is b prime?
False
Suppose 2*b = -9 + 3. Let h be (1/b)/(-3*5/135). Suppose 2*n - 161 = 5*q + 142, -h*n - 4*q = -489. Is n prime?
False
Suppose -2*v - 2*x + 8576 = 0, -4*v + 5*x + 18632 - 1516 = 0. Suppose -18301 = -5*r - 2*c, 631 = -r + 2*c + v. Is r prime?
True
Suppose 8*v - 6*v + 3*w - 6514 = 0, -8 = -2*w. Is v a composite number?
False
Let n(s) = s**3 + 16*s**2 - 38*s + 239. Is n(10) a prime number?
True
Suppose -4*p = -124 + 104. Suppose -3*u = p*w - 19579, 42024 = 5*u + 2*w + 9405. Is u a prime number?
False
Let n = 22 - 79. Let u = n + 59. Suppose 2*a = 3*a - u, 4*a - 427 = -o. Is o a prime number?
True
Let t(b) = -97251*b - 267. Is t(-6) composite?
True
Let m(p) = -60*p - 19. Suppose r - 28 = 5*r. Let q be r/((-63)/6)*69/(-2). Is m(q) composite?
False
Is 152584 + 3/(-18)*-9*(2 + 0) a composite number?
True
Suppose c + 20*c = -21725 + 819452. Is c prime?
True
Suppose 68 = 4*p - 7*q + 11*q, 4*p - q = 43. Suppose 12047 = p*f - 5*f. Is f composite?
False
Let k(a) = 20211*a**3 - a**2 + 3*a - 3. Is k(2) a composite number?
True
Let t(c) = 1117*c - 25. Let m be t(6). Suppose 384 + m = 23*f. Is f prime?
True
Suppose 2*t + 2*w + 35 = 3*w, -2*t + 4*w = 50. Suppose 4*l + 53 + 15 = 0. Let o = t - l. Is o a composite number?
False
Suppose 4*q - 14 = -2*b, -3*q + 4*q - 2*b = 1. Suppose 0 = 9*v + q*v - 10740. Is v composite?
True
Let o = 737 - -806. Let y = 2630 - o. Is y a composite number?
False
Suppose -4*q + 3*z - 1831 = 2157, -4*q + z - 3980 = 0. Let i = -254 - q. Suppose i = c + 5*h, -4*c - 1076 = -h - 4057. Is c composite?
True
Let y be 10/(-25) - ((-17)/5 + 3). Suppose 4*v + 102 - 126 = y. Suppose 4007 = v*p + 1385. Is p prime?
False
Suppose -171 = -35*j + 214. Suppose 5*f - 10*y = -j*y + 29184, -1 = y. Is f composite?
True
Suppose -2 = k, -4*s = 3*k - 50 - 192. Suppose -s*r + 22*r = -11720. Is r a composite number?
False
Let t be ((-20)/(-6))/(-2 + (-24)/(-9)). Let h be (38/20 + (-2)/t)*844. Is (4 - (10 - 4)) + h/2 prime?
True
Let o(q) = 1. Let h(p) = -3*p + 5. Let i(n) = h(n) + 5*o(n). Let d be i(2). Suppose 0 = 5*c + 2*v - 3409, 0*c = -d*c - 4*v + 2720. Is c a prime number?
True
Let u = -13 + 21. Suppose 0 = r + 16 - 458. Suppose u*i = 6*i + r. Is i composite?
True
Let d(f) = -767*f**3 - 15*f**2 - 55*f - 74. Is d(-5) a prime number?
True
Suppose 120*u + 25*u - 267280978 = -49*u. Is u composite?
False
Let t(v) = 4*v + 16. Let k be t(-5). Let a be 9/k*(-12)/9. Suppose -s = 2*g - 531, 4*s - 17 = a. Is g a prime number?
True
Let l be (3 - (3 + -3)) + -1. Suppose 6*r - 50840 = l*r. Let i = -7299 + r. Is i composite?
True
Suppose 6*y = 1 - 7. Is (-3 - -4)*(-1 + y) + 1363 a composite number?
False
Let b(r) be the third derivative of 23*r**5/10 + r**4/2 + 29*r**3/6 + 80*r**2. Is b(-2) prime?
True
Let c be 2*27*3/18. Suppose -20204 = -c*x + 31573. Is x prime?
False
Let y = 11 + -21. Let o(h) = h**2 - 29 - 3*h**2 + 7*h + 2*h**2 - h + 5*h**2. Is o(y) a prime number?
False
Suppose -m - 5*z = 40, -5*m = -5*z + 91 + 139. Let b = m + 44. Is -13*(-2 - -3)*113*b composite?
True
Let t be (-2)/(2*-1) + 35. Let f = 1143 - -254. Let y = f - t. Is y a prime number?
True
Is 3 + 1 - 10/(110/(-302247)) - 2 composite?
False
Let y = 173 + -171. Let t(j) = -7*j**3 + 2*j**2 + j + 18. Let z be t(-11). Suppose 4*d - z = y*m, 2*d + 6*m - 3*m = 4779. Is d a prime number?
False
Suppose 8*k - 8 = 6*k. Suppose -3*u = -3*h - 23 + 8, -k*h = -5*u + 22. Suppose -4*o + 4*w + 2512 = -0*w, -u*o + 1291 = 5*w. Is o composite?
True
Let i(z) = -54251*z**3 - 7*z**2 - 2*z + 5. Is i(-1) a prime number?
True
Is (-369)/(-9)*(12 - 1 - -14186) composite?
True
Let m(p) = 436*p + 50. Let n be m(-7). Is 10/5 - 5 - n a prime number?
True
Let k(p) = p**2 + 28*p + 12. Let j be k(-30). Is 5*(-8)/(-10)*30474/j a composite number?
False
Suppose -4*o = 5*h - 4246698, h = 140 - 142. Is o a composite number?
False
Let y = 12675 + -4996. Is y composite?
True
Let f(k) = -k**2 - 13*k - 3. Let q be f(-12). Suppose -q*d = -12*d + 5556. Let n = 433 + d. Is n a composite number?
True
Let k be (3/((-15)/(-50)))/1. Suppose k*r - 112 = 3*r. Let a(o) = o**3 - 16*o**2 + 14*o - 5. Is a(r) a composite number?
True
Let f = -31547 + 2118616. Is f prime?
True
Let s be -5 + -5837 - (-1 + 6 + -1). Let k = 3921 - s. Is k a prime number?
True
Let d(m) = -m - 17. Let n be d(-15). Let j = -5056 + 9090. Is n/(-3) + j/6 a composite number?
False
Suppose 0 = -x - 3*a + 10, a = 6*a. Let p be x/((-9)/(-6)*(-1)/3). Let r(q) = -q**2 - 23*q - 5. Is r(p) a composite number?
True
Let z(a) = a**3 + 8*a**2 + a + 15. Let f be z(-8). Let j = f - 3. Suppose -v = j*c - 697, -1359 = -2*v - c - 0*c. Is v composite?
False
Let l(o) = 12*o**3 - 2*o**2 - 20*o - 9. Let c be l(-6). Let t = 6362 - 13648. Let d = c - t. Is d composite?
False
Let w(l) = l**3 + 210*l**2 + 489*l - 577. Is w(-174) a prime number?
True
Is 8 - ((1 - -5)/6 + -75184) prime?
False
Suppose -5*w = -5*b - 339815, -2*w + 146463 = b + 10555. Is w prime?
True
Let o = -3548 - -1885. Suppose -w - 782 = -a, -1963 = 2*w + 2*a - 387. Let p = w - o. Is p composite?
True
Let l = -364 - -358. Is ((-164)/l)/((-1897)/273 - -7) a prime number?
False
Let v = 7445 + 40572. Is v a prime number?
True
Is 10/12 + 300590558/1668 a composite number?
False
Let u = 188 + -181. Is (u - (-3 - -9))*(177 + 2) composite?
False
Let m(f) = f**3 + 6*f**2 + 17*f - 61. Let g be m(-18). Let v = 4994 - g. Is v composite?
True
Let c = -252845 - -376794. Is c prime?
False
Let j(w) = w**3 + 32*w**2 + 31*w - 66. Let t be j(-31). Is 33/t*(-19892 + 0) a composite number?
True
Let h(m) = m - 1. Let n be h(4). Suppose -3*s + 4*q = -1, 3*s + 0*s + n*q = 15. Suppose -5*z - 519 = o - 5*o, s*o - 397 = -4*z. Is o composite?
False
Suppose 6*m = 4*m + 4. Let b(h) = 2 + 2*h + 4*h**m - 17*h**3 - 8 - 8 + 8. Is b(-7) a composite number?
False
Suppose 0 = 2*b - 4*q + 11 + 41, -2*b = -q + 61. Let a = -104 - b. Let l = a + 218. Is l a composite number?
True
Let q(c) = -29*c**3 - c**2 + 9*c - 7. Let l be q(1). Is (64434/(-24))/(7/l) a prime number?
True
Let f = -8 - -28. Is ((34025/f)/5)/(4/16) a prime number?
True
Let d = 111474 + 270197. Is d a composite number?
True
Suppose -4*z = -4*k + 780, k - 3*k = -z - 390. Suppose -6*i + i = -k. Is (-5 - -1) + (i - 2) prime?
False
Suppose 5*x - 101 - 19 = 0. Let q be (-866)/(-6) - 32/x. Suppose 5*u = 267 + q. Is u prime?
False
Let y(i) = -3*i**2 + 14*i - 2. Let c be y(1). Let l be 6/(-3) - 8/(-1). Suppose c*b - l*b - 93 = 0. Is b a prime number?
True
Let g(i) = -122*i - 165. Suppose 2*l = 4*q + 46, -4*q + 3*l = q + 55. Is g(q) composite?
False
Let a = 57 - 53. Suppose k - 93 - 33 = 3*z, a*k + 3*z - 564 = 0. Suppose -2*l = 3*j + j - k, -5*l + j = -334. Is l composite?
False
Let y(j) = -19656*j + 929. Is y(-3) a composite number?
True
Let i(r) = -41*r + 76. Let y be i(-26). Is y/3 + (-11)/(-33) prime?
False
Suppose 17*k = 2077432 + 1332751. Is k prime?
False
Let i(w) be the third derivative of 0 + 13/60*w**5 - 1/6*w**3 + 0*w + 11/24*w**4 + 16*w**2. Is i(4) a prime number?
True
Let b(p) = -p**2 - 17. Suppose 16 = f + 3*i - 3, 20 = 4*i. Let n(x) = -x - 16. Let v(m) = f*n(m) - 3*b(m). Is v(-6) a prime number?
False
Is -4*1/8 - (-1114017)/6*1 a composite number?
True
Let n be (-4)/(-14) - (-108)/14. Let s = -1914 - -1920. Is (458/n)/(s/12)*6 a prime number?
False
Let k be (-2)/11 - (-20)/110. Suppose -q + 4*j - 5829 = -2*q, k = 4*j - 12. Let d = 8396 - q. Is d a composite number?
False
Let c = 86634 + -17317. Is c a prime number?
True
Suppose -98*n - 1697770 = -108*n. Is n prime?
True
Let j be 5 - -94 - 2/(-6)*0. Suppose -j*v + 94*v = -14305. Is v prime?
True
Let k(u) = u**3 - 5*u**2 + 2*u - 7. Let g be k(5). Suppose -3*p - x = -1627, -g*p - 5*x = -7*x - 1615. Is p composite?
False
Suppose -61*z + 18*z = -5239249. Is z a prime number?
True
Let q(x) = 3082*x - 77. Let a be q(-7). Let g = a - -37684. Is g prime?
True
Suppose 0 = 16*s - 52 - 28. Suppose -1 = 2*i + s, -5*i + 2800 = 5*k. Is k composite?
False
Let a(v) = -v**3 - 6 + 7*v + 4 - 8*v**2 + 7. Let l be a(-9